 3 = 0. Suppose n = 5*h - 1494 + 129. What is the tens digit of h?
7
What is the hundreds digit of (-8)/5*(-125)/50*431?
7
Suppose -114*y - 15794 = -116*y - i, 2 = -i. What is the units digit of y?
8
Let w(b) = -4*b**3 - 19*b**2 - 2*b + 32. Let g(t) = 5*t**3 + 19*t**2 + 2*t - 33. Let k(o) = -5*g(o) - 6*w(o). What is the tens digit of k(19)?
1
Let f = 6019 - 3446. What is the hundreds digit of f?
5
Suppose 5*j = 2*f - 42263, 5*f + 3*j + 105629 = 10*f. What is the ten thousands digit of f?
2
Suppose 0 = 19*s - 49906 + 14471. Let k = s + -918. What is the tens digit of k?
4
Suppose 245 = -5*a + 255. Suppose 5*c - 192 = -a*i + 31, 2*i = 2*c - 78. What is the units digit of c?
3
Suppose 5*s = -g + 31, 19 = 3*s + 4. Let j(l) = -91*l - 53. Let f be j(-5). Suppose 8*v - g*v = f. What is the hundreds digit of v?
2
Suppose 2*t = 3*r - 15, -16 = -5*r + 5*t + 14. Suppose -2*p - 1045 = -r*g + 2*p, 5*p = 3*g - 1040. What is the hundreds digit of g?
3
Let r be (-5 + 0)/5 - -4. Suppose 0 = -o - r*o + 1184. Suppose -5*u = -254 - o. What is the hundreds digit of u?
1
Suppose 183*p + 1824396 = 267*p. What is the hundreds digit of p?
7
Let l(c) = -c**3 + 13*c**2 - 12*c + 7. Let i be l(12). Suppose -145 = i*m - 985. What is the units digit of m/90 + 2/(-6)?
1
Let y be (-24)/(-48) + (5/2 - 1). Suppose -y*m + 18 = -c, -2*c - 44 + 12 = -2*m. Let k = c + 36. What is the units digit of k?
2
Suppose 5*s - 29*s = -11448. What is the tens digit of s*(-2 + 3)*3 + 6?
3
Let m = -107156 - -172924. What is the units digit of m?
8
Suppose 0 = 4*u + 3*h + 110 + 400, -3*h = 6. Let x = u - -755. What is the tens digit of x?
2
Let q = -148 - -72. Let n = -58 - q. Suppose -4*j = n - 250. What is the tens digit of j?
5
What is the thousands digit of ((-2094)/(-4))/((20/(-160))/(136/(-32)))?
7
Let p = 11791 + -4732. What is the thousands digit of p?
7
Suppose 0 = 10*s - 10*s + 45*s - 134280. What is the hundreds digit of s?
9
Let f(s) be the first derivative of -15*s**2 - 41*s + 276. What is the tens digit of f(-38)?
9
Let a = -44462 + 77947. What is the ten thousands digit of a?
3
Suppose z + 2712 = -z + 4*b, 5*z - 5*b + 6795 = 0. Let r be (-1)/(0 + (-2 - -3)/1). What is the tens digit of (z/12 - -2)*2*r?
2
Suppose 2*k - 3*k = n + 63, 0 = 3*n + 4*k + 193. Let v = -26 - n. Let a = 10 + v. What is the units digit of a?
3
Let l(c) = 5*c - 49. Let o be l(10). What is the hundreds digit of ((-576)/10 - o)*-5?
2
Let l(q) = 20*q**2 + 4*q - 5. Let m be l(1). Suppose m*f - 133 = 285. Suppose -26*n + f*n + 20 = 0. What is the units digit of n?
5
Let f(x) = x**3 - 64*x**2 + 167*x - 396. What is the ten thousands digit of f(64)?
1
Let x(u) be the first derivative of -7/2*u**2 - 1/4*u**4 - 20 - 8*u - 8/3*u**3. What is the tens digit of x(-8)?
4
Let o = -24010 - -60585. What is the tens digit of o?
7
Let k be (-60)/(-20) + 0 + -4. Let s(h) be the second derivative of 22*h**4/3 - h**3/3 - h**2 + h. What is the units digit of s(k)?
8
Suppose 0 = 5*k - 30, -16*w + 189759 = -11*w - k. What is the hundreds digit of w?
9
Let s = 26658 + 4694. What is the tens digit of s?
5
Suppose 258 = -4*l + 186. Let m(r) = 5*r**2 + 37*r - 61. What is the hundreds digit of m(l)?
8
What is the units digit of (-41)/(984/96) + (-2 - -3727)?
1
Let j = 2650 - -5087. What is the thousands digit of j?
7
Let z(t) = t + 26. Let k be z(-15). Let u = k + -8. Suppose i + 2*i = -u*v + 351, v + 5*i = 97. What is the hundreds digit of v?
1
Suppose -5*g - 46875 = -4*p, -4*p + 55428 - 8546 = 2*g. What is the thousands digit of p?
1
Let y = -99 - -223. Suppose 3*l - 122 - y = 0. Suppose 2*s = -3*z + 62, 5*s + z - l - 99 = 0. What is the units digit of s?
7
Let g(z) = 5*z + 6. Let i be g(0). Let n(h) = 7*h - 22. Let u(v) = -8*v + 21. Let m(y) = -5*n(y) - 6*u(y). What is the tens digit of m(i)?
6
What is the hundreds digit of 33/(-330) - 318367/(-70)?
5
Suppose -6*j - 410 = 5*c - 7*j, -2*j + 172 = -2*c. Let p = c - -417. What is the hundreds digit of p?
3
Let z(l) be the third derivative of 479*l**5/60 - l**4/3 + l**3/6 - 205*l**2. What is the tens digit of z(1)?
7
Let s be 2*(-1)/(-2)*(71 + -71). Suppose -9*x + 364 + 41 = s. What is the tens digit of x?
4
Suppose 7276 = 3*s - 98513. What is the thousands digit of s?
5
Let m(a) = 2*a - 28. Let k be m(16). Suppose -35 = 3*j + k*j. Let s(z) = 3*z**2 - 5*z - 4. What is the units digit of s(j)?
6
Let p(u) = 65*u - 7. Let k be p(3). Suppose 3*w - 97 = k. Let g = w - 8. What is the units digit of g?
7
Let s be -2*(-7 - (-104)/16). What is the hundreds digit of (2 - (8 + s)) + 932?
9
Let p(w) = -w**3 - w**2 - 57. Let u be p(0). Suppose 11*f = -6*f - 476. Let d = f - u. What is the units digit of d?
9
Let b = 13281 + -7108. What is the units digit of b?
3
Suppose -2*x = 4*d + 2*x - 13056, -4*d = 3*x - 13057. Suppose 4*r - 2219 = 4*n + 2161, n - d = -3*r. What is the hundreds digit of r?
0
Let y(w) be the third derivative of 4*w**3/3 + 15*w**2. Let t(b) = -b + 23. Let x(l) = -3*t(l) + 8*y(l). What is the tens digit of x(5)?
1
Let n = 38 + -36. Suppose -r = -3*f - 375 - 90, -n*f = 5*r - 2240. What is the tens digit of r?
5
Suppose -5 = -5*w + 5. Let v(r) be the second derivative of 16*r**3/3 + 296*r. What is the tens digit of v(w)?
6
Let t(r) be the first derivative of r**2 + 5*r + 13. Let x be t(-3). What is the tens digit of 2*19 + (6 - (4 + x))?
4
Suppose 276*a - 13964133 = 38*a - 803447. What is the ten thousands digit of a?
5
Let k(f) = 13*f + 330. Let i be k(-23). Suppose i*o - 18*o - 18668 = 0. What is the thousands digit of o?
1
Let s(k) = 8*k**3 - 11*k**2 + 7*k + 15. Let q(v) = -v**3 + 2*v**2 - v. Let m(x) = -5*q(x) - s(x). What is the units digit of m(-5)?
5
Let g = -2897 + 7107. What is the hundreds digit of 8 + g/5 - 4?
8
Suppose -229195 = -5*z + k, 22*z - 5*k + 45865 = 23*z. What is the ten thousands digit of z?
4
Let s be (32 + 6/(-3))/(-1). Suppose 0 = r - 3, 3*m + 7 - 97 = 5*r. What is the tens digit of m/(-14)*s*1?
7
Let k = -4670 - -9936. What is the thousands digit of k?
5
Suppose -5*b + 4*k = 206, -3*k + 38 = -b - 12. What is the hundreds digit of ((-192)/(9 - 1))/(4/b)?
2
Suppose 24409 + 11821 = 4*d + 2*l, -d - 2*l = -9050. What is the thousands digit of d?
9
Suppose -3*d + 2*q = -87074, 16*d + 5*q - 116091 = 12*d. What is the units digit of d?
4
Let z = -56374 + 79229. What is the thousands digit of z?
2
Let s(k) = 6*k - 1. Let f(w) = -19*w + 4. Let u(i) = -10*i + 2. Let c(j) = 3*f(j) - 5*u(j). Let h(p) = -5*c(p) - 4*s(p). What is the units digit of h(7)?
1
Suppose 3085 = 5*f - 5*v, -f + 623 = 10*v - 8*v. Let w = f + -403. What is the tens digit of w?
1
Let b(a) = -2*a**3 - 11*a**2 + 10*a + 6. Suppose -r - 2 - 9 = 0. What is the thousands digit of b(r)?
1
Suppose 453958 = 52*n + 56834. What is the units digit of n?
7
Let c(k) = -553*k - 1953. What is the hundreds digit of c(-5)?
8
Let z(u) = -3*u**3 - 23*u**2 - 11*u + 4. Suppose 59 - 41 = -2*b. What is the units digit of z(b)?
7
Let n(b) = -334*b + 1432. What is the units digit of n(-16)?
6
Suppose 5*p + 7419 = w, 2*p = 5*p - 9. What is the units digit of w?
4
Suppose -16 = 1321*y - 1325*y. Suppose -4638 = -y*h + 3*c, h = 5*c + 453 + 715. What is the thousands digit of h?
1
Suppose 4334 = 3*v + q, v - 1383 - 57 = -5*q. Let a be (-3)/(v/362 + (-10 - -6)). Let m = a + -233. What is the units digit of m?
9
Suppose -4*a + 99 = -3*a + 3*w, 0 = -2*a - 2*w + 178. Suppose y - 492 = -a. What is the tens digit of y?
0
Suppose -331*a + 5765082 + 1552004 = 0. What is the units digit of a?
6
What is the tens digit of (-2)/(-36) - 8165659/(-1062)?
8
Let d(b) be the second derivative of b**4/12 + 4*b**3/3 + 43*b**2 - 27*b + 3. What is the units digit of d(-8)?
6
Let b = 24 - 20. Suppose -283 - 154 = b*r - h, r + 114 = 5*h. Let v = -51 - r. What is the units digit of v?
8
Let b(s) = -s**2 + s - 1. Let q(j) = j**3 + 19*j**2 + 21*j + 18. Let n(y) = -4*b(y) + q(y). What is the units digit of n(-22)?
2
Let t be ((-15)/20)/(3/396). Let x = -88 - t. Suppose 8*w - x*w = -678. What is the hundreds digit of w?
2
Let n(z) = -z**3 - z + 12. Let g be n(0). Suppose 200*y - 204*y + g = 0. Suppose -660 - 66 = -y*a. What is the units digit of a?
2
Suppose -72 = -4*g + g. Suppose s = 26 - g. Suppose -s*n - 4*b + 286 = 0, 0*b + 420 = 3*n - 3*b. What is t